{"id":197,"date":"2024-09-22T13:49:56","date_gmt":"2024-09-22T13:49:56","guid":{"rendered":"https:\/\/www.beautydents.de\/?page_id=197"},"modified":"2024-09-29T10:10:13","modified_gmt":"2024-09-29T10:10:13","slug":"gutscheine-kaufen-und-verschenken","status":"publish","type":"page","link":"https:\/\/www.beautydents.de\/?page_id=197","title":{"rendered":"Gutscheine kaufen und verschenken"},"content":{"rendered":"\n<p>Sehr oft steht man, ob es zu Geburtstagen oder anderen Festlichkeiten ist, vor der Frage- was schenkt man? Die L\u00f6sung dieses Problems:<\/p>\n\n\n\n<p class=\"has-text-align-center\"><em><strong>&#8211; Geschenkgutscheine &#8211;<\/strong><\/em><\/p>\n\n\n\n<p>Sie k\u00f6nnen Geschenkgutscheine mit einem beliebigen Wert direkt im Studio erwerben oder online bestellen. F\u00fcr die online-Bestellung bitte die Zeilen ausf\u00fcllen und absenden. Sie bekommen umgehend eine Best\u00e4tigung und die Kontoverbindung \u00fcbermittelt. Die Versendung der Gutscheine ist leider nur mit Vorauszahlung m\u00f6glich. Nach Eingang des Geldes wird Ihr Geschenkgutschein versendet.<\/p>\n\n\n\n<hr class=\"wp-block-separator has-alpha-channel-opacity\"\/>\n\n\n\n<div class=\"wpcf7 no-js\" id=\"wpcf7-f353-o1\" lang=\"de-DE\" dir=\"ltr\" data-wpcf7-id=\"353\">\n<div class=\"screen-reader-response\"><p role=\"status\" aria-live=\"polite\" aria-atomic=\"true\"><\/p> <ul><\/ul><\/div>\n<form action=\"\/index.php?rest_route=%2Fwp%2Fv2%2Fpages%2F197#wpcf7-f353-o1\" method=\"post\" class=\"wpcf7-form init\" aria-label=\"Kontaktformular\" novalidate=\"novalidate\" data-status=\"init\">\n<fieldset class=\"hidden-fields-container\"><input type=\"hidden\" name=\"_wpcf7\" value=\"353\" \/><input type=\"hidden\" name=\"_wpcf7_version\" value=\"6.1.4\" \/><input type=\"hidden\" name=\"_wpcf7_locale\" value=\"de_DE\" \/><input type=\"hidden\" name=\"_wpcf7_unit_tag\" value=\"wpcf7-f353-o1\" \/><input type=\"hidden\" name=\"_wpcf7_container_post\" value=\"0\" \/><input type=\"hidden\" name=\"_wpcf7_posted_data_hash\" value=\"\" \/>\n<\/fieldset>\n<table>\n\t<tr>\n\t\t<th>\n\t\t\t<h3>Ihre Daten\n\t\t\t<\/h3>\n\t\t<\/th>\n\t\t<th>\n\t\t\t<h3>Daten des Beschenkten\n\t\t\t<\/h3>\n\t\t<\/th>\n\t<\/tr>\n\t<tr>\n\t\t<td>\n\t\t\t<p><label>Vorname<\/label><br \/>\n<span class=\"wpcf7-form-control-wrap\" data-name=\"customer-first-name\"><input size=\"40\" maxlength=\"400\" class=\"wpcf7-form-control wpcf7-text wpcf7-validates-as-required\" autocomplete=\"given-name\" aria-required=\"true\" aria-invalid=\"false\" value=\"\" type=\"text\" name=\"customer-first-name\" \/><\/span>\n\t\t\t<\/p>\n\t\t<\/td>\n\t\t<td>\n\t\t\t<p><label>Vorname<\/label><br \/>\n<span class=\"wpcf7-form-control-wrap\" data-name=\"recipient-first-name\"><input size=\"40\" maxlength=\"400\" class=\"wpcf7-form-control wpcf7-text wpcf7-validates-as-required\" autocomplete=\"given-name\" aria-required=\"true\" aria-invalid=\"false\" value=\"\" type=\"text\" name=\"recipient-first-name\" \/><\/span>\n\t\t\t<\/p>\n\t\t<\/td>\n\t<\/tr>\n\t<tr>\n\t\t<td>\n\t\t\t<p><label>Nachname<\/label><br \/>\n<span class=\"wpcf7-form-control-wrap\" data-name=\"customer-last-name\"><input size=\"40\" maxlength=\"400\" class=\"wpcf7-form-control wpcf7-text wpcf7-validates-as-required\" autocomplete=\"family-name\" aria-required=\"true\" aria-invalid=\"false\" value=\"\" type=\"text\" name=\"customer-last-name\" \/><\/span>\n\t\t\t<\/p>\n\t\t<\/td>\n\t\t<td>\n\t\t\t<p><label>Nachname<\/label><br \/>\n<span class=\"wpcf7-form-control-wrap\" data-name=\"recipient-last-name\"><input size=\"40\" maxlength=\"400\" class=\"wpcf7-form-control wpcf7-text wpcf7-validates-as-required\" autocomplete=\"family-name\" aria-required=\"true\" aria-invalid=\"false\" value=\"\" type=\"text\" name=\"recipient-last-name\" \/><\/span>\n\t\t\t<\/p>\n\t\t<\/td>\n\t<\/tr>\n\t<tr>\n\t\t<td>\n\t\t\t<p><label>E-Mail<\/label><br \/>\n<span class=\"wpcf7-form-control-wrap\" data-name=\"customer-email\"><input size=\"40\" maxlength=\"400\" class=\"wpcf7-form-control wpcf7-email wpcf7-validates-as-required wpcf7-text wpcf7-validates-as-email\" autocomplete=\"email\" aria-required=\"true\" aria-invalid=\"false\" value=\"\" type=\"email\" name=\"customer-email\" \/><\/span>\n\t\t\t<\/p>\n\t\t<\/td>\n\t\t<td>\n\t\t\t<p><label>E-Mail (optional)<\/label><br \/>\n<span class=\"wpcf7-form-control-wrap\" data-name=\"recipient-email\"><input size=\"40\" maxlength=\"400\" class=\"wpcf7-form-control wpcf7-email wpcf7-text wpcf7-validates-as-email\" autocomplete=\"email\" aria-invalid=\"false\" value=\"\" type=\"email\" name=\"recipient-email\" \/><\/span>\n\t\t\t<\/p>\n\t\t<\/td>\n\t<\/tr>\n\t<tr>\n\t\t<td>\n\t\t\t<p><label>Telefon (optional)<\/label><br \/>\n<span class=\"wpcf7-form-control-wrap\" data-name=\"customer-phone\"><input size=\"40\" maxlength=\"400\" class=\"wpcf7-form-control wpcf7-tel wpcf7-text wpcf7-validates-as-tel\" autocomplete=\"tel\" aria-invalid=\"false\" value=\"\" type=\"tel\" name=\"customer-phone\" \/><\/span>\n\t\t\t<\/p>\n\t\t<\/td>\n\t\t<td>\n\t\t<\/td> <!-- Optionales Feld f\u00fcr den Beschenkten wird hier leer gelassen -->\n\t<\/tr>\n\t<tr>\n\t\t<td>\n\t\t\t<p><label>Rechnungsadresse Stra\u00dfe + Nummer<\/label><br \/>\n<span class=\"wpcf7-form-control-wrap\" data-name=\"customer-address-street\"><input size=\"40\" maxlength=\"400\" class=\"wpcf7-form-control wpcf7-text wpcf7-validates-as-required\" autocomplete=\"street-address\" aria-required=\"true\" aria-invalid=\"false\" value=\"\" type=\"text\" name=\"customer-address-street\" \/><\/span>\n\t\t\t<\/p>\n\t\t<\/td>\n\t\t<td>\n\t\t\t<p><label>Empf\u00e4ngeradresse Stra\u00dfe + Nummer<\/label><br \/>\n<span class=\"wpcf7-form-control-wrap\" data-name=\"recipient-address-street\"><input size=\"40\" maxlength=\"400\" class=\"wpcf7-form-control wpcf7-text wpcf7-validates-as-required\" autocomplete=\"street-address\" aria-required=\"true\" aria-invalid=\"false\" value=\"\" type=\"text\" name=\"recipient-address-street\" \/><\/span>\n\t\t\t<\/p>\n\t\t<\/td>\n\t<\/tr>\n\t<tr>\n\t\t<td>\n\t\t\t<p><label>PLZ & Ort<\/label><br \/>\n<span class=\"wpcf7-form-control-wrap\" data-name=\"customer-address-zip-city\"><input size=\"40\" maxlength=\"400\" class=\"wpcf7-form-control wpcf7-text wpcf7-validates-as-required\" autocomplete=\"postal-code\" aria-required=\"true\" aria-invalid=\"false\" value=\"\" type=\"text\" name=\"customer-address-zip-city\" \/><\/span>\n\t\t\t<\/p>\n\t\t<\/td>\n\t\t<td>\n\t\t\t<p><label>PLZ & Ort<\/label><br \/>\n<span class=\"wpcf7-form-control-wrap\" data-name=\"recipient-address-zip-city\"><input size=\"40\" maxlength=\"400\" class=\"wpcf7-form-control wpcf7-text wpcf7-validates-as-required\" autocomplete=\"postal-code\" aria-required=\"true\" aria-invalid=\"false\" value=\"\" type=\"text\" name=\"recipient-address-zip-city\" \/><\/span>\n\t\t\t<\/p>\n\t\t<\/td>\n\t<\/tr>\n<\/table>\n<h3>Weitere Informationen\n<\/h3>\n<table>\n\t<tr>\n\t\t<td>\n\t\t\t<p><label>Wert des Gutscheins (\u20ac)<\/label>\n\t\t\t<\/p>\n\t\t<\/td>\n\t\t<td>\n\t\t\t<p><span class=\"wpcf7-form-control-wrap\" data-name=\"voucher-value\"><input class=\"wpcf7-form-control wpcf7-number wpcf7-validates-as-required wpcf7-validates-as-number\" min=\"10\" aria-required=\"true\" aria-invalid=\"false\" value=\"\" type=\"number\" name=\"voucher-value\" \/><\/span>\n\t\t\t<\/p>\n\t\t<\/td>\n\t<\/tr>\n\t<tr>\n\t\t<td>\n\t\t\t<p><label>Bemerkungen (optional)<\/label>\n\t\t\t<\/p>\n\t\t<\/td>\n\t\t<td>\n\t\t\t<p><span class=\"wpcf7-form-control-wrap\" data-name=\"customer-notes\"><textarea cols=\"40\" rows=\"10\" maxlength=\"2000\" class=\"wpcf7-form-control wpcf7-textarea\" aria-invalid=\"false\" name=\"customer-notes\"><\/textarea><\/span>\n\t\t\t<\/p>\n\t\t<\/td>\n\t<\/tr>\n<\/table>\n\n<!-- Checkbox zur Best\u00e4tigung der Zahlungspflicht -->\n<p><br \/>\n<span class=\"wpcf7-form-control-wrap\" data-name=\"zahlungspflicht-consent\"><span class=\"wpcf7-form-control wpcf7-checkbox wpcf7-validates-as-required\"><span class=\"wpcf7-list-item first last\"><label><input type=\"checkbox\" name=\"zahlungspflicht-consent[]\" value=\"Ich best\u00e4tige, dass ich zahlungspflichtig bestellen m\u00f6chte.\" \/><span class=\"wpcf7-list-item-label\">Ich best\u00e4tige, dass ich zahlungspflichtig bestellen m\u00f6chte.<\/span><\/label><\/span><\/span><\/span>\n<\/p>\n\n<!-- Absende-Button -->\n<p><input class=\"wpcf7-form-control wpcf7-submit has-spinner\" type=\"submit\" value=\"Jetzt Kaufen\" \/>\n<\/p><div class=\"wpcf7-response-output\" aria-hidden=\"true\"><\/div>\n<\/form>\n<\/div>\n\n\n\n\n<p class=\"has-small-font-size\">Falls Sie ein angebotenes Formular verwenden, ist die Speicherung und Verarbeitung der personenbezogenen Daten (Formulareingaben des Nutzers) erforderlich. Die Daten werden lediglich f\u00fcr den ausgew\u00e4hlten Verwendungszweck benutzt. Die Weitergabe an Dritte erfolgt nicht. Die Daten werden nach Abwicklung des technischen Vorgangs gel\u00f6scht. Sie haben das Recht, auf Antrag unentgeltlich Auskunft zu erhalten \u00fcber die \u00fcber Sie gespeicherten personenbezogenen Daten. Zus\u00e4tzlich haben Sie das Recht auf Berichtigung unrichtiger Daten, Sperrung und L\u00f6schung. Mit dem Absenden eines Formulars willigen Sie in die o.g. Verarbeitung Ihrer Daten ein. Sie k\u00f6nnen diese Einwilligung schriftlich oder per E-Mail gegen\u00fcber beautydents.de jederzeit widerrufen. Nachteile entstehen Ihnen daraus nicht. Unser System unterst\u00fctzt standardisierte Datenverschl\u00fcsselung. Bei der \u00dcbertragung Ihrer Daten im Internet besteht jedoch die M\u00f6glichkeit, da\u00df diese durch Unbefugte zur Kenntnis genommen oder ver\u00e4ndert werden k\u00f6nnen. <\/p>\n\n\n\n<p class=\"has-small-font-size\">Widerrufsrecht: In der EU haben Verbraucher ein 14-t\u00e4giges Widerrufsrecht bei Fernabsatzvertr\u00e4gen, was auch f\u00fcr Online-K\u00e4ufe gilt, einschlie\u00dflich der Bestellung von Geschenkgutscheinen. Dieses Recht erlaubt es den K\u00e4ufern, den Vertrag innerhalb von 14 Tagen ohne Angabe von Gr\u00fcnden zu widerrufen. Wenn der Gutschein einmalig f\u00fcr eine bestimmte Dienstleistung oder ein Produkt eingel\u00f6st wurde gilt das Widerrufsrecht nicht mehr.<\/p>\n\n\n\n<p><\/p>\n","protected":false},"excerpt":{"rendered":"<p>Sehr oft steht man, ob es zu Geburtstagen oder anderen Festlichkeiten ist, vor der Frage- was schenkt man? Die L\u00f6sung dieses Problems: &#8211; Geschenkgutscheine &#8211; Sie k\u00f6nnen Geschenkgutscheine mit einem beliebigen Wert direkt im Studio&hellip;<\/p>\n","protected":false},"author":2,"featured_media":0,"parent":0,"menu_order":0,"comment_status":"closed","ping_status":"closed","template":"","meta":{"footnotes":""},"class_list":["post-197","page","type-page","status-publish","hentry"],"_links":{"self":[{"href":"https:\/\/www.beautydents.de\/index.php?rest_route=\/wp\/v2\/pages\/197","targetHints":{"allow":["GET"]}}],"collection":[{"href":"https:\/\/www.beautydents.de\/index.php?rest_route=\/wp\/v2\/pages"}],"about":[{"href":"https:\/\/www.beautydents.de\/index.php?rest_route=\/wp\/v2\/types\/page"}],"author":[{"embeddable":true,"href":"https:\/\/www.beautydents.de\/index.php?rest_route=\/wp\/v2\/users\/2"}],"replies":[{"embeddable":true,"href":"https:\/\/www.beautydents.de\/index.php?rest_route=%2Fwp%2Fv2%2Fcomments&post=197"}],"version-history":[{"count":12,"href":"https:\/\/www.beautydents.de\/index.php?rest_route=\/wp\/v2\/pages\/197\/revisions"}],"predecessor-version":[{"id":362,"href":"https:\/\/www.beautydents.de\/index.php?rest_route=\/wp\/v2\/pages\/197\/revisions\/362"}],"wp:attachment":[{"href":"https:\/\/www.beautydents.de\/index.php?rest_route=%2Fwp%2Fv2%2Fmedia&parent=197"}],"curies":[{"name":"wp","href":"https:\/\/api.w.org\/{rel}","templated":true}]}}